w(s) = -y - 2 - 1039*s + 1037*s. What is w(10)?
-33
Let c(z) = 83*z**2 + 5*z - 84*z**2 + 53 - z. What is c(9)?
8
Let o(n) = -96*n - 1720. Let y be o(-18). Let b(h) = 3*h - 15. What is b(y)?
9
Suppose 45*j + 27 = 27. Let g(s) = -4*s - 3. What is g(j)?
-3
Suppose 4*n - 812 = -792. Let a be 42/14*n/(-3). Let g(s) = s**3 + 3*s**2 - 4*s + 5. Calculate g(a).
-25
Suppose 813 - 177 = 12*u. Suppose -u*a = -47*a - 18. Let x(w) = w**2 - 2 - 2*w**2 + 3*w + w. What is x(a)?
1
Let w(g) be the third derivative of -7*g**5/20 - g**4/8 + g**3/3 + 61*g**2 - 15*g. What is w(1)?
-22
Let x = -306 - -307. Let p(y) = 3*y - 1. Let k(z) = -4*z - 6. Let h(b) = x*k(b) + p(b). Determine h(-7).
0
Suppose 0 = -68*t + 65*t - 3. Let h(p) = 9*p**2 + 1. What is h(t)?
10
Suppose 10*z = -3*j + 74, -2*z + 16 = 5*j + 10. Let u(o) = -o**2 + 4*o - 17. Calculate u(z).
-49
Suppose 28 = 2*y - 92. Suppose s - y + 57 = 0. Let n(z) = -z**2 - z + 6. Calculate n(s).
-6
Let g be (3/(-9))/(0 - (-2)/18). Suppose u + 8 = 4*h - 5, -3*h + 3*u + 21 = 0. Let k(y) = 0*y - 3 + 2*y + 20*y**h + y - 17*y**2. Determine k(g).
15
Let m(f) = 24*f + 3. Let k(x) = -x**2 - 3*x - 1. Let w(s) = 2*k(s) - m(s). Determine w(-14).
23
Let g(z) be the third derivative of z**4/24 + 2*z**3 + 2*z**2. Let o be (-36 + 14 - -21)*5. Give g(o).
7
Let t(s) = -82*s + 320. Let v = -16863 - -16867. Determine t(v).
-8
Let a(b) be the third derivative of -b**6/120 + 3*b**5/20 - 7*b**4/24 - 2*b**3/3 - 105*b**2. Let y = -1 + 9. What is a(y)?
4
Let m(k) = -12*k + 310. Let c(l) = 20*l - 514. Let a(i) = -7*c(i) - 12*m(i). What is a(28)?
-10
Let a(p) be the second derivative of 1/2*p**2 - 1/3*p**3 - 1/3*p**4 + 0 + 37*p. Calculate a(2).
-19
Let x be 18/1*(5 + 154/(-33)). Let s(y) = y**3 - 6*y**2 + 4*y - 22. What is s(x)?
2
Let f(u) = 3*u**3 + 8*u**2 - 3*u + 19. Let m(z) = 2*z**3 + 5*z**2 - 3*z + 13. Let k(o) = -7*f(o) + 11*m(o). Give k(4).
10
Let t(g) = 10*g - 237. Let p be ((-3)/4)/((-29)/928). Calculate t(p).
3
Let l(b) be the first derivative of -b + 15/2*b**2 - 81. Let h(x) = -x - 3. Let v be h(-4). Give l(v).
14
Suppose -20*x - 11 = -10 + 19. Let m(h) = 24*h + 3. Calculate m(x).
-21
Let i(b) = 11*b - 28. Let t(u) = 5*u - 28. Let z(q) = -3*q + 14. Let n(x) = -2*t(x) - 5*z(x). Let g(a) = -6*i(a) + 13*n(a). Give g(-7).
-7
Let g(c) be the first derivative of 5*c**2/2 - 4*c + 13. Let n(o) = 9*o - 8. Let r(u) = 11*g(u) - 6*n(u). Determine r(-4).
0
Let w(y) = -y**3 - 3. Let g(h) = h**3 + 4*h**2 + 4*h + 9. Let n be g(-4). Let r be n/((-140)/(-8)) - 83/5. Let t = -17 - r. Give w(t).
-3
Let r(i) be the third derivative of -i**6/360 + 7*i**5/120 - 59*i**4/24 + 15*i**2. Let w(s) be the second derivative of r(s). Determine w(8).
-9
Let u be (-6)/(-9)*210/28. Let d(i) = -12 + u*i - 22 - 6*i**2 + i**3 + 30. Determine d(5).
-4
Let w = 10 - 8. Suppose 2*n = -4*j - 2, n - 2 = -w*j - n. Let t(l) = 12*l. Determine t(j).
-24
Suppose -35*p - 1440 = 25*p. Let m(j) = j**3 + 25*j**2 + 26*j + 37. Give m(p).
-11
Let p(d) be the third derivative of d**5/15 - 3*d**4/4 + 11*d**3/6 + 27*d**2 - 13*d + 2. Determine p(8).
123
Let s(c) be the second derivative of -c**5/20 - c**3/6 - 7*c**2 + 37*c. Let p = -560 + 560. Calculate s(p).
-14
Suppose 192 = -22*t + 6*t. Let x be (-2)/(-6) + (2 - 32/t). Let c(l) = l**3 - 7*l**2 + 11*l - 6. Give c(x).
-1
Suppose 15 - 15 = -4*y. Let b(r) = -r**3 + r**2. Let z be b(y). Suppose -4*h + z*v + 16 = 4*v, h + 5*v = -4. Let x(a) = a**3 - 5*a**2 - 8*a + 8. Calculate x(h).
-4
Let b(d) = 3*d**2 - 2*d + 1. Suppose 18*m - 22*m + 4 = 0. Let s be b(m). Let x(t) = 241*t**s + t**3 - 121*t**2 + 3 - 121*t**2. Determine x(0).
3
Let n(g) = -g**2 - 172*g - 1762. Let i be n(-11). Let j(q) = 1 - 8*q - 4 + 6*q. Determine j(i).
-21
Let c(m) = 2*m**2 - m + 15. Let z(t) = -6*t**2 + 4*t - 44. Let d(v) = 11*c(v) + 4*z(v). Give d(5).
-36
Let q(u) = 11*u + 70. Suppose -5*l = -126*r + 131*r + 65, -2*r + 2 = -2*l. What is q(l)?
-7
Let u(p) be the third derivative of -p**7/5040 - 7*p**6/720 - 13*p**5/15 - 9*p**2 - 3*p. Let i(j) be the third derivative of u(j). Give i(0).
-7
Let w(i) = -6*i**3 + i**2 + 2*i + 1. Suppose j - 5*p = -3*j - 8, j - 5*p + 17 = 0. Let m be (j + -1*(4 + 2))/3. Give w(m).
6
Let c(s) be the first derivative of 2*s**3/3 - 4*s**2 + 7*s - 4375. Let r = 13 - 8. What is c(r)?
17
Let y(g) = -4*g**2 + 2*g + 2. Let k(m) = -7*m**2 + 4*m + 4. Let r(f) = 3*k(f) - 5*y(f). Let d = 34964 + -34968. Determine r(d).
-22
Let r(v) = -6*v**2 + 2*v - 1. Let s be r(2). Let y(f) = -f**3 - 21*f**2 - f - 16. Let n be y(s). Suppose -3*d = -n*d. Let w(i) = -i**2 + 17. Calculate w(d).
17
Let g(r) = 150*r**2 + 0 - r - 248*r**2 + 97*r**2 - 3. Let b(t) = -t**3 - 5*t**2. Let p be b(-5). Determine g(p).
-3
Suppose 115 + 80 = 6*a - 75. Let y be (-9)/(-2) + 2/4. Suppose 5*b + a = y*j, -4 = 5*b + 16. Let u(l) = l**2 - 4*l - 1. Determine u(j).
4
Let m(g) be the first derivative of -g**4/4 + 44*g**3/3 - g**2 + 80*g - 3349. What is m(44)?
-8
Let s(r) = r**3 + r**2 - 2*r - 1. Let x(t) = -4*t + 10*t - 3*t - 12 - 2*t. Let v(h) = 9*h**2 + 1. Let q be v(-1). Let i be x(q). Give s(i).
-1
Suppose -5*a + 62 = s, -123 = 4*a + 2*s - 169. Let h = 22 + -15. Let l(v) = a - v**2 + h*v - 8 - 4. Give l(6).
7
Let b(a) = 2*a**2 + 5*a - 4. Let z be b(-4). Suppose 0 = z*u - 14 - 10. Let y(j) = j - u + 1 - 1. Calculate y(4).
1
Let n(m) = -m**3 - 31*m**2 + 27*m - 155. Let q be n(-32). Let i(r) = q*r + 2*r**3 - 7 + 11 - 4 + 6*r**2 - r**3 - 2. Determine i(-6).
-32
Let w(o) be the third derivative of o**5/30 - 7*o**4/12 - 59*o**3/3 + 3*o**2 + 189. What is w(12)?
2
Let x be (-1)/5 - 16/60*18. Let r(i) = -i**3 - 7*i**2 - 5*i + 30. Let w be r(x). Let z(n) = n**3 - 4*n**2 - 3*n. Calculate z(w).
10
Let j(n) = -n**2 - 2*n + 65 - 6*n + 9*n + 2*n - 4*n. Calculate j(-9).
-7
Let f(l) = l**2 - 5*l - 3. Suppose -50*o - 42*o + 23*o + 138 = 0. Calculate f(o).
-9
Suppose 5*o + n = 2*n + 8, -4*n = -4*o + 16. Let m(w) be the second derivative of w**3/2 - w**2/2 + 28021*w. Give m(o).
2
Let z(l) = l**3 + 8*l**2 + 12*l**2 - 10*l**2 + 3*l**2 + 5 + 7 + 2*l. Determine z(-13).
-14
Let m(n) = 2*n**2 - 44. Suppose 18*f - 20*f = 4*k, -f = 3*k. Calculate m(f).
-44
Let y = -223 - -288. Let r be (1 - (-22)/(-26)) + 185/y. Let q(c) be the first derivative of c**3/3 - 5*c**2/2 + 3*c - 1. Calculate q(r).
-3
Let d(k) = 13*k**3 + 19*k**2 - 10*k - 15. Let f(z) = -2*z**3 - 2*z**2 + 2*z. Let c(p) = -d(p) - 6*f(p). Give c(-7).
29
Let u(x) = -484 - 5*x + 6*x - 488 + 965. Give u(5).
-2
Let h(v) = -18*v**2 - 6*v + 433*v**2 - 416*v**2 - 9. Calculate h(7).
-100
Let r(z) be the third derivative of -z**4/8 - 2*z**3/3 + 20*z**2. Let j be r(-4). Let s(m) = 0*m**3 + 0*m**3 - 2*m - j + m**3 + 4*m**2 + 2. Determine s(-5).
-21
Let d(c) be the second derivative of c**4/12 - 4*c**2 + c. Suppose -7*r + 3*k - 66 = 0, -k = -3*k + 6*k - 32. What is d(r)?
28
Let r(q) = -6*q - 30. Suppose -1100 = 179*w + 511. What is r(w)?
24
Let z(p) = -p**3 - 5*p**2 + 10*p + 9. Let v = 12 + -13. Let b(j) = 40*j - 1. Let t be b(v). Let x = t + 35. Determine z(x).
-15
Suppose -2*m + 3*m - 5 = 0. Let w(r) = r**2 + 29*r + 57. Let d be w(-27). Let k(i) = -d + 2 + m - 4*i - 3*i - i**2. What is k(-7)?
4
Let v(z) = 21*z - 217. Let i be v(8). Let o(h) = h**2 + 3*h - 4. Let f be o(6). Let w = f + i. Let b(q) = -17*q - 1. Determine b(w).
-18
Let c(f) be the third derivative of -f**7/1680 + f**6/90 - 39*f**5/20 + 53*f**2. Let p(u) be the third derivative of c(u). Determine p(-6).
26
Let h(z) = 51*z + 1. Let w(v) = -262*v - 41. Let s(x) = 5*h(x) + w(x). Determine s(-4).
-8
Let f(k) = -22*k**3 - 100*k**2 - 218*k - 14. Let a(w) = 21*w**3 + 99*w**2 + 199*w + 13. Let i(q) = 11*a(q) + 10*f(q). Determine i(-8).
-5
Let s be 10/(-2) + (6 - -3). Let n(a) = -828 + 0*a + 825 + s*a. Determine n(2).
5
Suppose 2*x = -16 + 10. Let s be x/(-1 - (-3 - 2/(-2))). Let t(o) = o**2 - 2*o - 2. What is t(s)?
13
Let d(g) = -g**3 + 12*g**2 - 42*g + 152. Let y(h) = -h + 23. Let q(o) = -d(o) + 6*y(o). Determine q(7).
-7
Let j(k) = 78*k**2 + 81*k**2 - 28*k - 247*k**2 + 83*k**2 - 64 + 0*k**3 - k**3. Calculate j(-3).
2
Let y be (117/(-468))/(0 + (-1)/(-28)). Let x(h) = -3*h - 41. Let f(m) = 3*m + m - 12 - 2 - 5*m. Let o(a) = 17*f(a) - 6*x(a). What is o(y)?
1
Let d(r) = -5348*r**2 - r + 2676*r**2 - 1 + 2675*r**2. Sup